der when (-25)/(-45)*931 - (-6)/(-27) is divided by 26.
23
Let d be 1/(-5) - (-99)/(-55). Calculate the remainder when 2/(-4)*(1 - 9) is divided by -2 - (d/2 + -3).
0
Let g(j) = -2*j - 2. Suppose -5*w + 4*h + 175 = 0, -3*w = -4*w + 4*h + 19. Calculate the remainder when w is divided by g(-6).
9
Suppose q + 2*a + a - 52 = 0, 3*q + a - 180 = 0. What is the remainder when q is divided by 33?
28
Let o be -2*(1/(-2) - 0). Let t be -1*o/(0 - -1). What is the remainder when 21 - (-5 - (t + -2)) is divided by 8?
7
Let u be (-2)/9 - 4/(-18). Suppose u*m - 9 = -m. Let w = -65 + 90. What is the remainder when w is divided by m?
7
Suppose 4*d = a - 63 - 7, -4*a = -d - 325. Calculate the remainder when 303 is divided by a.
57
Suppose -3*l + 36 = 3*u, -2*l = 5*u - l - 48. What is the remainder when 30 is divided by u?
3
Let r = 32 + -28. Suppose -3*p = 3*g - 51, p + p - 42 = -r*g. What is the remainder when p is divided by 6?
1
Let w = -117 - -122. Calculate the remainder when 47 is divided by ((-2)/w)/(20/(-600)).
11
Let w(g) be the first derivative of -g**2 + 350*g - 10. Let r be w(0). Suppose -3*u = 2*u - r. Calculate the remainder when u is divided by 24.
22
Let g = 765 + -757. Calculate the remainder when 180 is divided by g.
4
Let o = 662 + -619. Calculate the remainder when 136 is divided by o.
7
Let d = -243 + 316. What is the remainder when d is divided by 20?
13
Suppose 0 = 2*o - 18 - 18. What is the remainder when 143 is divided by o?
17
Suppose k - 5*k + 48 = 0. What is the remainder when 273 is divided by k?
9
Let s(j) = j**3 - 11*j**2 + 4*j - 12. What is the remainder when 105 is divided by s(11)?
9
Suppose -q - 94 + 99 = 0. What is the remainder when 26 is divided by q?
1
Suppose 0 = 9*r - 312 - 3. Let k(a) = 141*a - 3. What is the remainder when k(1) is divided by r?
33
Let m(h) = -3*h**2 + 49*h + 10. Calculate the remainder when 101 is divided by m(16).
23
Suppose -850*u + 851*u = 83. Calculate the remainder when 249 is divided by u.
0
Let a(b) = b**2 - 8*b - 120. What is the remainder when a(17) is divided by 21?
12
Suppose -10*y + 2*y + 24 = 0. Suppose -3*f = 2*d - 10 - 9, 3*f - 21 = -y*d. Calculate the remainder when 7 is divided by d.
1
Suppose -6*t + 750 = -12*t. Let r = t - -342. Calculate the remainder when r is divided by 55.
52
Suppose -3*y - 3*p - 21 = -4*y, -2*y = -3*p - 33. Suppose -2*h - 351 = -7*h + 2*i, -150 = -2*h + 4*i. Calculate the remainder when h is divided by y.
9
Let n = 35 - 66. Let p = n + 63. What is the remainder when p is divided by 7?
4
Suppose 0 = -f - f - 4. Let a = 41 - 31. What is the remainder when 1*f*(-255)/a is divided by 13?
12
Let w = 434 + -129. What is the remainder when w is divided by 77?
74
Suppose y - 4*h - 4 = -3*y, 5*y = 4*h + 9. Suppose -y*m = j - 44, -76 = -3*j - m - 0*m. What is the remainder when 65 is divided by j?
17
Suppose 5*b + 0 = -4*c - 44, -c = b + 10. Let i = c - -29. Suppose 139 - 123 = 2*z. What is the remainder when i is divided by z?
7
Let g = 7 - 6. Let f(z) = -73*z + 2. Let c be f(g). What is the remainder when c/(-2) - (-2)/(-4) is divided by 18?
17
Let p(j) = 5*j**2 - 6*j + 7. Let d be p(5). Suppose -d = -2*h + o - 5*o, 2*h = 2*o + 132. Calculate the remainder when h is divided by 9.
7
Suppose 1772 = 24*q - 868. Calculate the remainder when q is divided by 10.
0
Suppose w = 5*g - 6, -w - 2*w = 2*g - 16. Calculate the remainder when 5 is divided by g.
1
Suppose -w = -l - 30, -100 = 3*w - 6*w + l. Calculate the remainder when 172 is divided by w.
32
Let n = 8 + -18. Let g be 39/65 - 1864/n. Let z = -107 + g. Calculate the remainder when z is divided by 27.
26
Suppose -411 = -4*y - 4*f - 87, 3*y - 2*f - 228 = 0. Calculate the remainder when y is divided by (-75)/6*(-72)/45.
18
Let x = 58 - -105. Calculate the remainder when x is divided by 14.
9
Suppose 0*q + 4*q - 348 = -4*i, 86 = q + 2*i. Let s(y) = y**2 - 26*y + 163. What is the remainder when q is divided by s(19)?
28
Suppose j = -j + 4*h - 8, 5*j - 32 = -3*h. Suppose 5*i = 10, -4*y + 6*i - j*i = -104. What is the remainder when y is divided by 7?
6
Suppose 3*u = -7 + 61. Let v be (-1)/2 - 33/(-6). Suppose -240 = -v*q + 4*b, q - 8 - 19 = 5*b. What is the remainder when q is divided by u?
16
Let u(c) = -c**3 - 8*c**2 + 5*c - 2. Let o be u(-11). Suppose -n - 8*n = -o. What is the remainder when n is divided by 18?
16
Let i be 44/8 - 1/2. Let g(u) = u**2 - 3*u + 216. Let t be g(0). Suppose 0 = -i*c + c + t. Calculate the remainder when c is divided by 14.
12
Suppose -2*d + 3*s + 12 = 0, 3*d + s - 10 = 19. Let h = 96 - 156. Let u = 94 + h. What is the remainder when u is divided by d?
7
Suppose 0 = 3*c - 8*c + 165. Let u = 21 - 3. What is the remainder when c is divided by u?
15
Let p = 110 + -59. What is the remainder when 1272 is divided by p?
48
Suppose 214 + 534 = 11*t. What is the remainder when 135 is divided by t?
67
Suppose 10*c + 2156 - 10526 = 0. Calculate the remainder when c is divided by 70.
67
Let f(p) = -p**2 + 18*p - 4. Let b be f(7). Suppose 7*m = 74 + b. What is the remainder when m is divided by (1/2)/(3/66)?
10
What is the remainder when 88 is divided by (4/(-6))/(80/(-840))?
4
What is the remainder when 4 + 30/(-20)*-2 + 36 is divided by 1 - (2 - 3)*14?
13
Suppose -158*f + 161*f = 3*i + 90, -18 = -f - 5*i. Calculate the remainder when 55 is divided by f.
27
Suppose -15 = -0*n - 3*n. Suppose 2*m = 32 + 212. Suppose -2*t = -n*w + 163, -14 = -4*w + 3*t + m. Calculate the remainder when w is divided by 17.
14
Let h(f) = 2*f + f + 3*f + 17 + 5*f**2 - 4*f**2. What is the remainder when h(-6) is divided by 7?
3
Suppose -5*n - b + 168 = -8, 0 = 2*b - 2. What is the remainder when 453 is divided by n?
33
Suppose w - 3*l = 6, 5*w - 8*l + 6*l - 30 = 0. What is the remainder when 23 is divided by w?
5
Let r be (225/(-18))/(2/12). Let u = r + 95. What is the remainder when 38 is divided by u?
18
Let q(a) = -50*a - 231. What is the remainder when 851 is divided by q(-5)?
15
Suppose -7 = -9*q + 2. Calculate the remainder when 64*4/5 + q/(-5) is divided by 14.
9
Let g = 272 + -200. What is the remainder when g is divided by 41?
31
Suppose d + 5*h = 13, -d + 26 = d - 2*h. Let m = 5 - 3. Suppose m*f - 57 = -9. Calculate the remainder when f is divided by d.
11
Let l be ((3 - -1) + -4)/1. Let r = 11 + l. Calculate the remainder when 19 is divided by r.
8
Suppose -2*d - 3*d = 3*k - 81, -2*d = 3*k - 36. Let x = -41 + d. Let c = -9 - x. Calculate the remainder when c is divided by 9.
8
Suppose -q - 8 = -2*a, 5*q = 4*a - 26 - 2. Let n = a - 2. Let f = n - -16. Calculate the remainder when 62 is divided by f.
14
Suppose -3*y + 297 = 3*i, 4*y = 5*i - 437 - 58. Calculate the remainder when 187 is divided by i.
88
Suppose 0 = 52*s - 44*s - 5976. Calculate the remainder when s is divided by 15.
12
Let i(c) = -c + 41. Let p be -92*4/(-8) - 3. Suppose 3*x - g = 4*x - 9, 5*g = 3*x - p. Calculate the remainder when i(0) is divided by x.
8
Suppose -n + 1706 = 3*q + 411, 5*q - 2125 = 5*n. What is the remainder when q is divided by 36?
34
Let z = -5 + 19. Suppose 7*y - 6*y = z. What is the remainder when 38 is divided by y?
10
Let y = 1188 - 1137. Calculate the remainder when 354 is divided by y.
48
Suppose -58*z + 56*z = -94. Calculate the remainder when 185 is divided by z.
44
Let y(m) = m**3 + 7*m**2 + 3*m - 11. What is the remainder when 47 is divided by y(-6)?
5
Suppose -5*m + 4 = -3*m, 0 = r - m - 397. What is the remainder when r is divided by 67?
64
Suppose 16*o - 48 = 14*o. Calculate the remainder when 46 is divided by o.
22
Let p = -1465 + 1503. What is the remainder when p is divided by 31?
7
Let n be 12/(-28) + (-594)/(-14). Let q be ((-70)/(-15))/(2/n). Suppose 0 = x + 3 - q. Calculate the remainder when x is divided by 24.
23
Let i(h) = -16*h**3 - h - 2. What is the remainder when 48 is divided by i(-1)?
3
Suppose 0 = 5*t - 25, 3*t - 38 = -4*d + 17. What is the remainder when 49 is divided by d?
9
Let v = -16 - -220. Suppose -2*m = -4*r - 156, m = 4*m + 4*r - v. Suppose 46 = 3*d - 2*j - 2*j, 5*d - 2*j = m. Calculate the remainder when 39 is divided by d.
11
Suppose 0*s + 2*s + 5*i = 43, -2*i + 37 = 3*s. Suppose -10*f + 11*f - 16 = 0. Calculate the remainder when f is divided by s.
7
Suppose -2*v + 229 = -3*h, -5*v = -2*h 